0020 - 20112?
-211100220202
In base 4, what is -10 - -13203020001131?
13203020001121
In base 12, what is 206b + -13227?
-11178
In base 2, what is 111010000110101011 - 1000001101?
111001111110011110
In base 12, what is 307b41b6 - -5?
307b41bb
In base 5, what is -3221 - 23011104?
-23014330
In base 2, what is 10 + -10011010010110011110011011?
-10011010010110011110011001
In base 16, what is -1b0ca - 1?
-1b0cb
In base 9, what is 175486 + -115?
175371
In base 13, what is 60689 - -5c?
60718
In base 12, what is 1a220 - -ba?
1a31a
In base 6, what is 313 + -133431130?
-133430413
In base 11, what is 2 - 14143a39?
-14143a37
In base 2, what is 110010001101 - 10010100111111?
-1100010110010
In base 11, what is -18a99541 - -5?
-18a99537
In base 2, what is 1101111011011111011010100111 + -100?
1101111011011111011010100011
In base 2, what is 1011011 - 1100000110010100?
-1100000100111001
In base 12, what is -28387 - 630?
-289b7
In base 2, what is -10000101 + 1100111010001101?
1100111000001000
In base 13, what is -5991c71 + 2?
-5991c6c
In base 5, what is -13010 - -140404?
122344
In base 14, what is bdc9c42 - -3?
bdc9c45
In base 2, what is -11101010 - 111001111101001000?
-111010000000110010
In base 13, what is 3406 - 1c8b?
1448
In base 11, what is 2318084 - -6?
231808a
In base 9, what is 23646 + -12360?
11276
In base 13, what is -79258 + 14?
-79244
In base 3, what is 111211200221112111 - 0?
111211200221112111
In base 16, what is -17967b + -22?
-17969d
In base 7, what is 163055142 - 3?
163055136
In base 9, what is 2 + 117870015?
117870017
In base 3, what is 110110121021111 + -1120?
110110121012221
In base 6, what is -32014340 - 1?
-32014341
In base 2, what is -10111001100110111001 - 10001?
-10111001100111001010
In base 7, what is -2 - 1660043612?
-1660043614
In base 11, what is -5 + 26127913?
26127909
In base 9, what is -1002 - -4054714?
4053712
In base 12, what is 107a7b - 24?
107a57
In base 9, what is -164 - -1840038?
1838764
In base 14, what is -419cbad + -20?
-419cbcd
In base 3, what is -1101101020202 - -10120?
-1101101010012
In base 15, what is -113da + de1?
-104e9
In base 8, what is -74066 - -2374?
-71472
In base 5, what is -2344413 - -3043?
-2341320
In base 13, what is bc0b68 - 8c?
bc0aa9
In base 14, what is -4 + -1d36a5?
-1d36a9
In base 7, what is -5112510 + -21?
-5112531
In base 13, what is -1707 + -11ac3?
-134ca
In base 5, what is 102011 - 4200111?
-4043100
In base 8, what is -225142137 - 2?
-225142141
In base 13, what is -19b4848 - 27?
-19b4872
In base 11, what is 10 - -1172aa74?
1172aa84
In base 16, what is 20e8 + -73?
2075
In base 16, what is -31311e + -4?
-313122
In base 10, what is 9350 - -160?
9510
In base 12, what is 692 + 37b35a?
37ba30
In base 5, what is 10 - 12442004412?
-12442004402
In base 16, what is 4 - -709f01?
709f05
In base 4, what is 1133131232 + -13310?
1133111322
In base 8, what is 25725 + -27115?
-1170
In base 4, what is 22311002 - -2121311?
31032313
In base 12, what is -a5 + -b8a9b?
-b8b84
In base 15, what is 1 - -8ac45c?
8ac45d
In base 4, what is -12122330101 + 20?
-12122330021
In base 13, what is 10303 + 11?
10314
In base 5, what is -4022 - 10121413?
-10130440
In base 4, what is 0 - -100100233022?
100100233022
In base 16, what is 40d5 + -433?
3ca2
In base 6, what is 0 + 214012543?
214012543
In base 12, what is -66628b + -3?
-666292
In base 2, what is -101110 - -1100101001111011011001000?
1100101001111011010011010
In base 10, what is -433 + -971536?
-971969
In base 8, what is 2522446 - 7?
2522437
In base 7, what is -3 - -432624640?
432624634
In base 16, what is -5 - 1644b?
-16450
In base 7, what is 32 - 6031626?
-6031564
In base 3, what is 2221102010010000011 + 0?
2221102010010000011
In base 14, what is -986b68a + -2?
-986b68c
In base 8, what is 24 + 275726?
275752
In base 7, what is 44054001 + 5?
44054006
In base 2, what is 101101 + 10110111110001100?
10110111110111001
In base 7, what is -5 + 1023031104?
1023031066
In base 9, what is -3270718 + 6?
-3270712
In base 16, what is ac3d3d7 + -2?
ac3d3d5
In base 11, what is -146 - -1a987?
1a841
In base 3, what is 21100011010020210010 + 12?
21100011010020210022
In base 4, what is -23000220 - 2031132?
-31032012
In base 5, what is -3200 + -1203244?
-1211444
In base 3, what is -100200202010 + -1100?
-100200210110
In base 11, what is -4676 + -9943?
-13509
In base 8, what is 17544 + -11204?
6340
In base 11, what is -81241 - 1a?
-81260
In base 2, what is 0 - -1011101010111111100010001111?
1011101010111111100010001111
In base 8, what is 42 + -26326400?
-26326336
In base 7, what is 50514222 - 4?
50514215
In base 11, what is a6 - 234097?
-233aa1
In base 2, what is -1111001100010 + -10000100101100?
-11111110001110
In base 2, what is 111100101011 + 1111011?
111110100110
In base 11, what is -40 - 156255?
-156295
In base 7, what is -1413605 - 223?
-1414131
In base 4, what is -1223 + 2311130?
2303301
In base 16, what is ec1f46 - 3?
ec1f43
In base 8, what is -6 - -10711175?
10711167
In base 11, what is -42a0522a - 9?
-42a05238
In base 9, what is 110272618 - 0?
110272618
In base 6, what is -4222505521 + 20?
-4222505501
In base 12, what is 42a + 3b94?
4402
In base 13, what is -aab22769 + 3?
-aab22766
In base 4, what is -3331231130 - -101210?
-3331123320
In base 2, what is 1000011 + 110001000110100001110?
110001000110101010001
In base 8, what is 145020 + 503?
145523
In base 8, what is -144 + -35544745?
-35545111
In base 15, what is -1a1d + 61d?
-1400
In base 5, what is 4 - -1243332041?
1243332100
In base 12, what is 6a4 + -b90aa?
-b8606
In base 12, what is -37 - 4162b?
-41666
In base 2, what is 1100000111100011100100 + -110001?
1100000111100010110011
In base 10, what is -4367505 + -4?
-4367509
In base 13, what is -49 - 1a0057?
-1a00a3
In base 5, what is 113120 - -214111?
332231
In base 4, what is 1013003021320 - 0?
1013003021320
In base 9, what is 4 - -11458650?
11458654
In base 6, what is -15 - 25241001?
-25241020
In base 7, what is 11400 + 62510?
104210
In base 2, what is 1000110101010111011010 + 10000?
1000110101010111101010
In base 4, what is -300023110221 + -3?
-300023110230
In base 10, what is 671006935 + -3?
671006932
In base 5, what is 211133 + -12402?
143231
In base 2, what is -101011101 + 10001001100010111?
10001000110111010
In base 10, what is -5 + 32247108?
32247103
In base 5, what is -10240 - 24314?
-40104
In base 16, what is -f9 - -4faa?
4eb1
In base 12, what is -4 + a2582405?
a2582401
In base 7, what is -4 + -50656120?
-50656124
In base 3, what is 220211121 + 212011?
221200202
In base 6, what is -2 - 242313501?
-242313503
In base 9, what is -17 + 68445171?
68445153
In base 5, what is 103004213 + -220?
103003443
In base 13, what is 6654 - -1294?
7918
In base 2, what is 110001100111 - 11010000100?
10111100011
In base 5, what is -3 + 11400031333?
11400031330
In base 15, what is -85 - 5683?
-5718
In base 7, what is -64506 - -563?
-63613
In base 6, what is 354353 + -54533?
255420
In base 13, what is -3 - 679a63?
-679a66
In base 3, what is 2021012101 + -11011201?
2010000200
In base 3, what is -10110 - -22010022110?
22010012000
In base 5, what is 1 - -10414142320?
10414142321
In base 10, what is 1 - -1849925?
1849926
In base 12, what is -60 - 8901?
-8961
In base 2, what is 100011011011101101 + -11011100111?
100011000000000110
In base 3, what is 21 - 10111102022210?
-10111102022112
In base 4, what is 21032010 + -12303101?
2122303
In base 8, what is 3 + 450062273?
450062276
In base 3, what is 101 + -11210111200200?
-11210111200022
In base 13, what is -11 + 97720?
9770c
In base 8, what is 16 + 1243714?
1243732
In base 2, what is 11000000000011010011 + 110101?
11000000000100001000
In base 6, what is -154432120 - 33?
-154432153
In base 9, what is -408 - -638257?
637748
In base 10, what is -13578532 + 19?
-13578513
In base 10, what is -4415 + -10923?
-15338
In base 10, what is -17899139 + 0?
-17899139
In base 13, what is -32158b + -18?
-3215a6
In base 4, what is 1 - -2033320023112?
2033320023113
In base 12, what is -53 - 675b7?
-6764a
In base 7, what is 225063 + 23546?
251642
In base 9, what is 2855534 + 1?
2855535
In base 13, what is -702b53 - -4?
-702b4c
In base 6, what is 1020230 + -231002?
345224
In base 14, what is bb8959 + a?
bb8965
In base 3, what is -112220222012001 + -12?
-112220222012020
In 